?
3
Suppose 0*p - 30 = 5*p. Let c be -2*1/(p/(-21)). List the prime factors of 0 - (c + -1)/1.
2
Suppose 4*h - 5*y = 1394, 3*y = -2*h + 964 - 278. What are the prime factors of h?
2, 173
Suppose 0 = 7*i - 8*i + 122. What are the prime factors of i?
2, 61
Suppose -12*n = -7*n - 260. What are the prime factors of n?
2, 13
Let v(x) = -x + 6. What are the prime factors of v(4)?
2
Let u(j) = -j**2 - 8*j - 3. Suppose -s - 5 = 1. List the prime factors of u(s).
3
Let w = 260 + -118. List the prime factors of w.
2, 71
Suppose -5*r + 3*r = 0. Suppose 5*x - 2*x - 24 = r. What are the prime factors of x?
2
Suppose 0 = -3*h + 15 + 3. Let u(l) = -l**3 + 7*l**2 - 4*l + 1. What are the prime factors of u(h)?
13
Let q be ((-24)/(-15))/(-2)*-5. Suppose -q*z + 23 = -9. Suppose -5*w + 7 = -z. List the prime factors of w.
3
Let l(c) = -c - c**2 - 3*c**2 + 3*c**2. Let s(o) = 3*o**2 + 4*o + 2. Let h(y) = -4*l(y) - s(y). What are the prime factors of h(2)?
2
Let t(l) be the second derivative of l**5/20 + 7*l**4/12 - l**3/2 - 4*l**2 + l. What are the prime factors of t(-7)?
13
Let s = 18 - -63. What are the prime factors of s?
3
What are the prime factors of (-2320)/(-50) - (-3)/5?
47
Let u(l) = 2 - 2*l**3 + l + 2*l**3 - l**3. List the prime factors of u(0).
2
What are the prime factors of 5/((-10)/(-8))*(1 - -45)?
2, 23
Let o(j) = j + 2. Let p(q) be the first derivative of -q**4/4 + 5*q**3/3 - 5*q**2/2 + 2*q - 3. Let w be p(3). List the prime factors of o(w).
7
Let w(b) = b**2 - 14*b - 3. List the prime factors of w(17).
2, 3
Suppose -u + 0 = -4. Suppose 4*x = 2*d - 1 + 19, -4*x - u*d + 48 = 0. What are the prime factors of x?
7
Suppose -170 = -6*q + q. List the prime factors of q.
2, 17
Let c(m) = -3*m - 8. Let h = 8 + -16. List the prime factors of c(h).
2
Let k(w) = 2*w - 1. Let b be k(2). Suppose 4*s - 2*l = 18, b*s - 6*s + 11 = -l. List the prime factors of 9/s + 2/(-4).
2
Let f = 4 - -22. Let o(n) = n**3 + 6*n**2 + n - 6. Let l be o(-5). Let z = f - l. What are the prime factors of z?
2, 3
Suppose 3*d - 1 - 167 = 0. List the prime factors of d.
2, 7
Suppose -6 = 3*n - 0*x + 2*x, 13 = -4*n - x. Let d = 11 + n. List the prime factors of d.
7
Suppose 2*p - 114 = -6. What are the prime factors of p?
2, 3
Let y = 63 - -68. What are the prime factors of y?
131
Let o(z) = z**2 + 9*z - 5. List the prime factors of o(-10).
5
Suppose -5*u + 2*f = -3*f - 170, 98 = 3*u - 5*f. Suppose -q = 4*a - 2*q - 36, 3*a - 3*q = u. Suppose 3*r = -2*z, -z - z - r = -a. List the prime factors of z.
2, 3
Suppose 0 = 2*f + 5 - 1. Let d be 2*(0 - (f + 1)). Suppose -3*j = 2*y + j - 14, 3*y - d*j - 5 = 0. What are the prime factors of y?
3
Suppose 5*u + 4*j + 125 = 0, 0*u + u + 44 = 3*j. Let l = -24 - u. List the prime factors of l.
5
What are the prime factors of -3*(-3 + 6 + -4)?
3
Suppose 5*r - 45 = 70. Suppose 2*c - 14 = -0*c + p, 0 = -3*c + p + r. List the prime factors of c.
3
Let g(d) = -3*d + 53. List the prime factors of g(10).
23
Let l(x) = 7 + 17*x - 9*x - x**2 + 3*x. List the prime factors of l(11).
7
Let m = 25 - -27. List the prime factors of m.
2, 13
Let f(i) = 2*i**2 - 1. Let y = -3 + 4. Let u be f(y). List the prime factors of (-1)/(2/(-6)*u).
3
Suppose -61 = -4*d - u + 6*u, 0 = 5*d + u - 69. Suppose 5*x = 3*p - 43, 0 = -p + 3*p + 4*x - d. What are the prime factors of p?
11
What are the prime factors of (-1 - -5)/(4/34)?
2, 17
Suppose -6 = -0*i + 3*i. Let p be 1 + i/(-6)*3. What are the prime factors of (1*p)/((-6)/(-12))?
2
Let j(w) = -w + 11. Let o be j(15). Let f(q) = -6*q + 5. List the prime factors of f(o).
29
Let d(n) = -n**2 + 4*n + 4. Let w be d(5). Let s = w - -15. What are the prime factors of s?
2, 7
Let q = -13 + 41. List the prime factors of 250/7 + 8/q.
2, 3
Let a(n) = n**3 + 8. List the prime factors of a(0).
2
Suppose -m + 0*m = 4*s + 4, -16 = 4*m + 5*s. Let l be 6/(m/(-1 + -1)). List the prime factors of (-12)/(-8) - l/(-2).
3
Suppose g + 2*g = -2*s + 77, -2*g - 164 = -5*s. Let z = -22 + s. What are the prime factors of z?
2, 3
Suppose -3*h = 2*h - 5, 0 = -4*u + h + 59. Suppose 7 = 2*s - u. What are the prime factors of s?
11
Let z = -96 + 170. What are the prime factors of z?
2, 37
Suppose -4*b - 22 = t, 4*b + 10 = -t + 2*t. List the prime factors of (-192)/(-9) - (-2)/t.
3, 7
Suppose 3*a = -9 - 6. Let p = -2 + 4. Let c = p - a. List the prime factors of c.
7
Suppose 0*p + 3*p = -5*n + 25, -4*n = -5*p - 20. Suppose s - n*s = -96. What are the prime factors of s?
2, 3
Let t = -5 + 8. Suppose 4*o - 5 = -3*z + 4, 0 = 4*z - t*o - 12. What are the prime factors of z?
3
What are the prime factors of (207/3)/3 - 1?
2, 11
Let v(f) = -5*f + 1. Let u be v(-2). Let q = u + -3. Let n = -5 + q. What are the prime factors of n?
3
Suppose 2*j + 7 = -5*u - 10, 2 = -u + j. Let o = u + 6. What are the prime factors of o?
3
Let n = -74 + 49. Let k = n + 42. List the prime factors of k.
17
Let p(y) = -2*y. What are the prime factors of p(-2)?
2
Let k(h) = -h**3 + 3*h**2 + h. Let w be k(3). Suppose 0*a - w*f = -a + 11, -2*a = -f - 17. List the prime factors of a.
2
Suppose -3*c + 19 = -4*m + 5*m, m + 4*c - 16 = 0. What are the prime factors of m?
2, 7
Suppose -34 + 6 = -2*b. What are the prime factors of b?
2, 7
Let c(g) be the first derivative of g**2/2 - g - 2. Let x(p) = -3*p + 7. Let z(k) = -4*c(k) - x(k). List the prime factors of z(-8).
5
Let w(g) = g - 2. Let d be w(4). Let p(a) = -7*a + 5 + 0*a**2 + a**3 + 0*a**2 - 6*a**d. What are the prime factors of p(7)?
5
Suppose -4 = -2*q + 4. Suppose -q*w = 3*l + 2 - 3, 4*w = -l - 5. List the prime factors of -2 - w - (-9 - 0).
3
Suppose -2*h + 3 + 3 = 0. What are the prime factors of h?
3
Suppose -2*u + 3*u = 2. Suppose -2*z + 4 + u = 0. List the prime factors of z.
3
Let j be 5 + (-1)/(2 - 1). Suppose -t - 1 - j = 0. Let n(d) = d**2 + 4*d + 3. What are the prime factors of n(t)?
2
Let p(v) = -v. Let y be p(-1). Let b be (-3)/4*(y + -5). Suppose 0 = 2*l + b*l - 45. What are the prime factors of l?
3
Let f(b) = -2*b + 4. Let q be f(-4). Suppose o = 4*o - q. Suppose o*s = 11 - 3. What are the prime factors of s?
2
Suppose 4*k - 70 = 58. List the prime factors of k.
2
Let s(k) = k**2 + 3*k - 2. Let z be s(6). Suppose 0 = g + 3*g - z. List the prime factors of g.
13
Let i be 3/3 + 1 + 0. Suppose i*g + 25 = -3*g. Let m = g + 7. What are the prime factors of m?
2
Suppose 0 = -6*u + 3*u + 120. Suppose -5*l = u + 15. Let z = l - -16. What are the prime factors of z?
5
Suppose 0 = -2*g - 2*g. Suppose -2*y + 10 = g, -2*j = y - 2*y - 37. What are the prime factors of j?
3, 7
Let v(z) = z - 1. Let n be v(7). Let k = -3 + n. Suppose -k = x - 15. List the prime factors of x.
2, 3
Suppose 0 = 4*y - 18 + 6. Suppose -l = -2*k + 5, y*k - 25 = -5*l + 3*l. What are the prime factors of k?
5
Let x be ((-2)/2)/(2/38). Let y be (-10)/(-5)*(-1 - x). Suppose -3*j - s = -y, -j - 4*s + 2 = -10. List the prime factors of j.
2, 3
Suppose 4*x - t - 28 = -5*t, 3*t - 11 = 2*x. Suppose -x*b + b = -6. List the prime factors of b.
2, 3
Let m = 138 + -53. What are the prime factors of m?
5, 17
Let w(f) = 21*f**3 + f**2 - 1. Let g be w(-1). Let b = g + 15. List the prime factors of 3/b + (-87)/(-6).
2, 7
Let w(g) = 2*g**2 + g - 13. What are the prime factors of w(4)?
23
Let t = 5 + -4. Suppose -3*d + 31 = 4*n, 0*n - n + t = 0. What are the prime factors of d?
3
Let v = -8 + 12. Let a be -2 + 2*50/v. Let j = a + -16. List the prime factors of j.
7
Let v = 34 + -17. Let d = v - 12. What are the prime factors of d?
5
Suppose 224 = 5*l - l. What are the prime factors of l?
2, 7
Let c(z) = 4*z**2 + 11*z - 12. Let o = 7 + -12. Let s(h) = 3*h**2 + 10*h - 11. Let q(i) = o*s(i) + 4*c(i). List the prime factors of q(6).
7
Let r(i) = -3*i + 3. List the prime factors of r(-2).
3
Let m(b) = -b**2 + 6*b - 1. Let o be (1 - 2)*(6 + -3). Let c = 2 - o. What are the prime factors of m(c)?
2
Let h = 5 - 3. Suppose h = -2*o + 32. List the prime factors of o.
3, 5
Let s be (-15)/6*16/(-10). Suppose 0 = 2*q - s*q + 8. What are the prime factors of q/10 + (-76)/(-10)?
2
Let a = 170 + -91. What are the prime factors of a?
79
What are the prime factors of (-159)/6*2*-1?
53
List the prime factors of -2 - ((-6)/(-8) + 419/(-4)).
2, 3, 17
Let q(j) = 2*j**2 + 3*j + 2. Let a be q(-2). Sup